digit of 15/(9 + -4) - -12?
5
Let a = 17 + -15. Suppose 4*w + l - a = 7, 2*w - 3*l - 1 = 0. What is the units digit of w?
2
Suppose 0 = 4*s + 2*z - 76, -2*s + z - 10 + 52 = 0. Suppose u - s = -5*b - 4*u, 3 = 3*u. What is the units digit of (2/b*12)/1?
8
Suppose -1 = 2*m - 11, m - 180 = -5*q. Let t be 3/2 + q/14. Suppose t*d + d = 50. What is the units digit of d?
0
Let p = 3 + -1. What is the units digit of (p - 3) + 5 + -2?
2
Suppose 12 = -3*j + 78. Suppose h = -j - 0. What is the units digit of (-2)/4 - h/4?
5
Let g = 18 - 15. What is the units digit of g?
3
Let v(g) = g**2 - 6*g + 4. Let t(z) = z**2 + 6*z + 1. Let o be t(-6). Let r be (o/(-2))/(3/(-42)). What is the tens digit of v(r)?
1
Suppose 0 = 2*y - 0*y - 4. Suppose -y*v = -4*v + 28. What is the tens digit of v?
1
Suppose 0*k - 276 = -3*k. Suppose 2*o - 34 = 4*p, 3*p - 14 = 4*o - k. What is the units digit of o?
1
Suppose 0 = -20*l + 6*l + 3766. What is the hundreds digit of l?
2
Let i = -5 + 1. Let g be 3/(-2) - 58/i. Suppose -g = -p - 1. What is the units digit of p?
2
Let d = 356 - 199. What is the units digit of d?
7
What is the tens digit of 1 + 89 - 32/(-8)?
9
Suppose 3*u - 2 - 46 = -3*f, -5*u + 75 = 4*f. What is the tens digit of u?
1
Suppose 0*n = 5*n - 20. Suppose -3*w + 2 = -n. What is the units digit of w?
2
Let f = -33 + 91. What is the units digit of f?
8
Suppose 3*d - 52 - 113 = 0. What is the tens digit of d?
5
Suppose 220 = 5*o - 20. What is the units digit of o?
8
Let s be 0/1 - (-10 + 7). Let j(y) = y**2 + 3*y - 1. What is the tens digit of j(s)?
1
Suppose -j = -2*i + 2*j - 47, 4*i + 3*j = -103. Let l = i + 55. What is the tens digit of l?
3
Suppose 1 = -f + 3. Let i be 0*(f/1)/2. Suppose i = -q - 0*q + 11. What is the units digit of q?
1
What is the units digit of 57/(-2)*-1*2?
7
Suppose 0 = 7*d - 2*d - 25. What is the units digit of d?
5
Suppose 5*r + 10 = 0, -4*k + 2*r = 8 + 4. What is the units digit of -4*(k + (-1)/4)?
7
Let y = 2 + 17. What is the tens digit of y?
1
Let p(m) = -3*m**3 - 43*m**2 + 13*m + 22. What is the hundreds digit of p(-15)?
2
Suppose -l + 6*l - 35 = 0. What is the units digit of l?
7
Suppose 6 + 528 = 2*b. What is the tens digit of b?
6
Let p(q) = -q**3 - 5*q**2 - 3*q + 3. Let x be p(-4). Let l(h) = -2*h**2 + 1 + h + 3*h**2 + h**2. What is the units digit of l(x)?
2
Let s(x) = 7*x + 18. What is the tens digit of s(5)?
5
Suppose 3*s + f = 28 + 12, 5*f = -2*s + 31. Suppose 0 = 5*m + 4*j - 51, 5*j + s = m - 3. What is the tens digit of m?
1
Let b(k) = 2*k**2 - 5*k. What is the tens digit of b(6)?
4
Let g(x) = -x**3 - 4*x**2 - 2*x - 6. Suppose -5*z - 30 = 5*y - 0*y, -z = -2*y - 9. What is the units digit of g(y)?
9
Let g(s) = 6*s + 1. What is the units digit of g(6)?
7
Let v = 16 + 20. What is the tens digit of v?
3
Let u be 16*(-1)/(-8)*6. Suppose -f + 3*n + 6 = n, 8 = -4*n. Suppose t + 2*m - 9 = 0, 2*t + f*m - u = 4. What is the units digit of t?
7
Suppose 4*r - 20 = -5*a, -r - 16 = -4*a + r. What is the units digit of (a + -5)/(2/(-18))?
9
Suppose -5*p + 2*c = 45, 2*p + 2 = -2*c - 2. Let b = p - -34. What is the tens digit of b?
2
Let u(q) = 25*q - 9. What is the hundreds digit of u(5)?
1
Let a(c) = c**3 + 9*c**2 + 7*c + 3. Let v(m) = 2*m + 2. Let z be v(-5). What is the units digit of a(z)?
1
Let y(a) = 2*a - 6. Suppose 2*w + 20 = 6*w. Let x be y(w). Let n = x + -1. What is the units digit of n?
3
Let m(r) = r**2 - 3*r. Let p be ((-4)/(-8))/(1/(-8)). Let o = 1 - p. What is the tens digit of m(o)?
1
Let d = -18 + 39. What is the units digit of d?
1
Let p = 5 - 0. Let l be (-12 + 11)/((-2)/8). Suppose -l*o = -p*o + 16. What is the tens digit of o?
1
Let a = 128 + -123. What is the units digit of a?
5
Let o = 50 - 24. Let l be o/7 - 6/(-21). Suppose l = 3*c - 2. What is the units digit of c?
2
Suppose -5*p + 4*a + 755 = 0, -157 = -p - 4*a - 30. What is the units digit of p?
7
What is the hundreds digit of 103 + 6/6*(3 + -1)?
1
Let s = 45 + 3. Let l = -142 + s. What is the units digit of (-6)/15 + l/(-10)?
9
Suppose -2*v = -4*v + 52. What is the units digit of v?
6
Suppose -5*l + 178 = -302. What is the tens digit of l?
9
Let g = 23 + -18. Suppose 5*d - t = 116, 2*d - g*t + 9 = 37. What is the tens digit of d?
2
Let b be 1/(-1) - (3 + 0). Let x = b - -4. Suppose 2*l + x*u - 12 = 3*u, 2*u + 24 = 4*l. What is the units digit of l?
6
Let g(c) = c**2 - 4*c - 5. What is the units digit of g(9)?
0
Suppose -4*l + a + 146 = 0, 5*l - a - 121 = 61. What is the tens digit of l?
3
Suppose -s = -3*l + 5, 2 = 5*l - 4*s - 11. What is the tens digit of 17 + l + 3/(-1)?
1
Let o(q) = -q**2 - 5*q - 4. Let x be o(-3). Suppose 0 = -4*c + x*c. Suppose 2*z = c, 0*n + 2*z = 5*n - 5. What is the units digit of n?
1
Let o(r) = r**2 - 12*r + 9. Let h be (-1)/4 + (-441)/(-36). What is the units digit of o(h)?
9
Suppose 3*p + 2*s + 12 = -s, -3*s - 15 = 0. Let t = 25 - 22. Let d = t - p. What is the units digit of d?
2
Let x(q) = 4*q**3 + q. Let g(j) = j - 2*j + 6 + 0. Let s be g(5). What is the units digit of x(s)?
5
Suppose v - 2*v + 39 = 0. Let k = -27 + v. Suppose -4*z + k = -2*n, -4*z + 3 = n - 3. What is the units digit of z?
2
Suppose -2*f = 5*j - 6*f - 49, 5*f + 5 = 0. What is the units digit of j?
9
Suppose -l = 2*y, 0*y + 5*y - 22 = 3*l. Let q(g) = -1 + 0*g - g + 8*g - 2*g + g**y. What is the tens digit of q(-7)?
1
Suppose 3*n - 105 = -2*d, -n + 5*d + 6 = -29. What is the units digit of n?
5
Let m be 0 + (-11 + 2)/(-3). Suppose -m*j + 8 = j. Let h = j + 4. What is the units digit of h?
6
Suppose 1 + 1 = -j, -2*s + 2*j = -8. What is the units digit of (8/(-10))/(s/(-10))?
4
Let y be (-17)/(-3) + 4/(-6). Let a be (-6)/4*4/3. Let b = a + y. What is the units digit of b?
3
Let w = 2 + 24. Let t = w + -15. What is the units digit of t?
1
Let p(h) = h**3 - 7*h**2 + 5. Let f be p(7). Suppose -65 = -f*z + 5*l, 2*l = -2*z - l + 36. What is the tens digit of z?
1
Let f be (101 - -2) + (1 - 0). Suppose 5*b + f = 9*b. What is the tens digit of b?
2
Let s(m) = -m**3 - 8*m**2 + 26*m - 15. What is the hundreds digit of s(-12)?
2
Let y = -23 - -8. Let u = y + 27. What is the units digit of u?
2
Suppose -16*x = -12*x - 272. What is the tens digit of x?
6
Let s(d) = -35*d**3 - d**2 - d. What is the units digit of s(-1)?
5
Suppose 0 = -x + 2*c, 4*x - 5*c - 12 = -3*c. What is the units digit of (2/x)/(3/36)?
6
Let b be (-16)/6 - 2/6. Let m = -2 - b. What is the units digit of m?
1
Let y(i) = -i**3 - 5*i**2 + 6. Let l = -5 - -3. Let f be 5/l*(-2 + 4). What is the units digit of y(f)?
6
Let n(y) = 3*y + 1. Suppose 6*x = 11*x - 25. What is the units digit of n(x)?
6
Suppose 0 = 4*q - 8*q. Suppose q = 4*p - 0*p - 160. What is the tens digit of p?
4
Suppose 2*y + 2*h - 218 = 0, h + 8 = -3*h. Suppose 5*p - 34 = -2*i + y, p = 5*i + 56. What is the units digit of p?
1
Suppose 13*m - 111 = 12*m. What is the units digit of m?
1
What is the units digit of (-3440)/(-10) - (0 + -4)?
8
Let j = 1 + 0. Suppose -j = o - 4. Suppose o*c - 36 = 3*k, k - 81 = -5*c - k. What is the tens digit of c?
1
Suppose 0 = -5*b + 2*d + 421, 0*b = 3*b - 4*d - 261. Let j = b - 52. What is the units digit of j?
1
Suppose -5*l + 254 = -3*h, 4*h - 214 = -4*l + h. What is the tens digit of l?
5
Let p = 13 - 9. Suppose j - 3*c - 13 = 0, 5*c = -p*j - 0*j + 103. What is the units digit of j?
2
Suppose 3*o + 2 - 11 = 0. Suppose -34 = -o*m - 4*x, 2*m - x = 5*m - 22. What is the units digit of (-3)/(-1)*2/m?
1
Let i be 3/(3/5) + -1. Let t(v) = -2*v**2 + 4 - i*v**2 + 1 - v**3. What is the units digit of t(-6)?
5
Suppose 4*t + y = 21, -3 = -3*t + 2*y - 1. Suppose -t = -0*g - 4*g. Let z = 4 - g. What is the units digit of z?
3
What is the tens digit of 13 + 1 - (-32)/(-8)?
1
What is the units digit of 4/(-8)*-74 + 2?
9
Suppose 0 = 2*x - 10 - 2. Let s be (-16)/x*171/4. What is the units digit of 2/(-9) + s/(-27)?
4
Let v(g) = 2*g**3 + g**2 + 4*g - 5. What is the units digit of v(3)?
0
Let o(k) = 15*k - 2. Let g be o(2). Let w = 39 - g. What is the tens digit of w?
1
Let p = 89 - 41. What is the tens digit of p?
4
Let k be ((-4)/(-6))/(14/21). What is the tens digit of (-15)/(k - 2) + -1?
1
Suppose -5*q + 0*q + 205 = 0. What is the tens digit of q?
4
Let u = -245 - -372. What is the tens digit of u?
2
Suppose -2*o = j - 204, 0 